{"id":111,"date":"2025-08-28T02:17:42","date_gmt":"2025-08-28T02:17:42","guid":{"rendered":"https:\/\/portafoliocasacreativa.com\/?page_id=111"},"modified":"2025-08-28T03:30:00","modified_gmt":"2025-08-28T03:30:00","slug":"la-forma-del-cambio","status":"publish","type":"page","link":"https:\/\/portafoliocasacreativa.com\/index.php\/la-forma-del-cambio\/","title":{"rendered":"La forma del cambio"},"content":{"rendered":"\n<div class=\"wp-block-stackable-image stk-block-image stk-block stk-0f16aec\" data-block-id=\"0f16aec\"><style>.stk-0f16aec {margin-bottom:40px !important;}.stk-0f16aec .stk-img-wrapper{width:100% !important;}<\/style><figure><span class=\"stk-img-wrapper stk-image--shape-stretch\"><img fetchpriority=\"high\" decoding=\"async\" class=\"stk-img wp-image-124\" src=\"https:\/\/portafoliocasacreativa.com\/wp-content\/uploads\/2025\/08\/la_forma_del_cambio_1.jpg\" width=\"1620\" height=\"1080\" srcset=\"https:\/\/portafoliocasacreativa.com\/wp-content\/uploads\/2025\/08\/la_forma_del_cambio_1.jpg 1620w, https:\/\/portafoliocasacreativa.com\/wp-content\/uploads\/2025\/08\/la_forma_del_cambio_1-300x200.jpg 300w, https:\/\/portafoliocasacreativa.com\/wp-content\/uploads\/2025\/08\/la_forma_del_cambio_1-1024x683.jpg 1024w, https:\/\/portafoliocasacreativa.com\/wp-content\/uploads\/2025\/08\/la_forma_del_cambio_1-768x512.jpg 768w, https:\/\/portafoliocasacreativa.com\/wp-content\/uploads\/2025\/08\/la_forma_del_cambio_1-1536x1024.jpg 1536w\" sizes=\"(max-width: 1620px) 100vw, 1620px\" \/><\/span><\/figure><\/div>\n\n\n\n<div class=\"wp-block-stackable-columns stk-block-columns stk-block stk-2b59053\" data-block-id=\"2b59053\"><style>@media screen and (max-width:689px){.stk-2b59053 {margin-bottom:30px !important;}}<\/style><div class=\"stk-row stk-inner-blocks stk-block-content stk-content-align stk-2b59053-column\">\n<div class=\"wp-block-stackable-column stk-block-column stk-column stk-block stk-3c75704\" data-v=\"4\" data-block-id=\"3c75704\"><style>@media screen and (min-width:690px){.stk-3c75704 {flex:var(--stk-flex-grow, 1) 1 66.7% !important;}}<\/style><div class=\"stk-column-wrapper stk-block-column__content stk-container stk-3c75704-container stk--no-background stk--no-padding\"><div class=\"stk-block-content stk-inner-blocks stk-3c75704-inner-blocks\">\n<div class=\"wp-block-stackable-image alignleft stk-block-image has-text-align-left stk-block stk-16a0a1f\" data-block-id=\"16a0a1f\"><style>.stk-16a0a1f {margin-bottom:20px !important;}.stk-16a0a1f .stk-img-wrapper{width:50% !important;}@media screen and (max-width:689px){.stk-16a0a1f .stk-img-wrapper{width:80% !important;}}<\/style><figure><span class=\"stk-img-wrapper stk-image--shape-stretch\"><img decoding=\"async\" class=\"stk-img wp-image-130\" src=\"https:\/\/portafoliocasacreativa.com\/wp-content\/uploads\/2025\/08\/la_forma_del_cambio-scaled.png\" width=\"2560\" height=\"252\" srcset=\"https:\/\/portafoliocasacreativa.com\/wp-content\/uploads\/2025\/08\/la_forma_del_cambio-scaled.png 2560w, https:\/\/portafoliocasacreativa.com\/wp-content\/uploads\/2025\/08\/la_forma_del_cambio-300x29.png 300w, https:\/\/portafoliocasacreativa.com\/wp-content\/uploads\/2025\/08\/la_forma_del_cambio-1024x101.png 1024w, https:\/\/portafoliocasacreativa.com\/wp-content\/uploads\/2025\/08\/la_forma_del_cambio-768x76.png 768w, https:\/\/portafoliocasacreativa.com\/wp-content\/uploads\/2025\/08\/la_forma_del_cambio-1536x151.png 1536w, https:\/\/portafoliocasacreativa.com\/wp-content\/uploads\/2025\/08\/la_forma_del_cambio-2048x201.png 2048w\" sizes=\"(max-width: 2560px) 100vw, 2560px\" \/><\/span><\/figure><\/div>\n\n\n\n<p>Esta exposici\u00f3n est\u00e1 compuesta por 19 piezas bi y tridimensionales, en las que la artista juega con las estructuras de lo permanente y lo ef\u00edmero, creando con maestr\u00eda composiciones abstractas geom\u00e9tricas que construyen, pliegan y revelan mundos internos de poderoso fulgor crom\u00e1tico, ritmo cadencioso y reflejos lum\u00ednicos. Zundel utiliza el color, la geometr\u00eda y la luz como herramienta para representar el movimiento continuo de la percepci\u00f3n, el pensamiento y la existencia. Estas 19 obras representan manifestaciones del cambio: en ella, las formas se reconfiguran con la mirada, los reflejos alteran el espacio y los patrones se emergen y se disuelven. La muestra, de fuerte car\u00e1cter escult\u00f3rico, propone un di\u00e1logo entre lo que se construye y lo que se descubre, con la convicci\u00f3n clara de la artista de que el arte puede ser un espejo del devenir.<\/p>\n<\/div><\/div><\/div>\n\n\n\n<div class=\"wp-block-stackable-column stk-block-column stk-column stk-block stk-8444c72\" data-v=\"4\" data-block-id=\"8444c72\"><style>@media screen and (min-width:690px){.stk-8444c72 {flex:var(--stk-flex-grow, 1) 1 33.3% !important;}}<\/style><div class=\"stk-column-wrapper stk-block-column__content stk-container stk-8444c72-container stk--no-background stk--no-padding\"><div class=\"stk-block-content stk-inner-blocks stk-8444c72-inner-blocks\">\n<div class=\"wp-block-stackable-spacer stk-block-spacer stk--no-padding stk-block stk-25c4fae\" data-block-id=\"25c4fae\"><style>.stk-25c4fae {height:60px !important;}@media screen and (max-width:999px){.stk-25c4fae {height:80px !important;}}<\/style><\/div>\n\n\n\n<p class=\"has-text-align-left\" style=\"line-height:1\">Museo de Arte Contempor\u00e1neo de Quer\u00e9taro<\/p>\n\n\n\n<p style=\"line-height:1\">Vigencia: 14 septiembre 2025<\/p>\n\n\n\n<p style=\"line-height:1\"><span style=\"background: linear-gradient(to bottom, transparent 50%, #ff6900 50%)\" class=\"stk-highlight\"><a href=\"https:\/\/www.google.com\/maps\/place\/Museo+de+Arte+Contempor%C3%A1neo+Quer%C3%A9taro+MACQ\/@20.5927175,-100.3866403,17z\/data=!3m1!4b1!4m6!3m5!1s0x85d35b8186c55ea1:0x445e5202120a90be!8m2!3d20.5927175!4d-100.3840654!16s%2Fg%2F11gsn041b3?entry=ttu&amp;g_ep=EgoyMDI1MDgyNS4wIKXMDSoASAFQAw%3D%3D\" target=\"_blank\" rel=\"noreferrer noopener\">\u00bfC\u00f3mo llegar?<\/a><\/span><\/p>\n\n\n\n<p class=\"has-text-align-left\" style=\"line-height:1.2\"><\/p>\n\n\n\n<div class=\"wp-block-stackable-spacer stk-block-spacer stk--no-padding stk-block stk-7c17164\" data-block-id=\"7c17164\"><style>@media screen and (max-width:999px){.stk-7c17164 {height:80px !important;}}<\/style><\/div>\n<\/div><\/div><\/div>\n<\/div><\/div>\n\n\n\n<figure class=\"wp-block-gallery has-nested-images columns-default is-cropped wp-block-gallery-1 is-layout-flex wp-block-gallery-is-layout-flex\">\n<figure class=\"wp-block-image size-large\"><img decoding=\"async\" width=\"771\" height=\"1024\" data-id=\"112\" src=\"https:\/\/portafoliocasacreativa.com\/wp-content\/uploads\/2025\/08\/la_forma_del_cambio_6-771x1024.jpg\" alt=\"\" class=\"wp-image-112\" srcset=\"https:\/\/portafoliocasacreativa.com\/wp-content\/uploads\/2025\/08\/la_forma_del_cambio_6-771x1024.jpg 771w, https:\/\/portafoliocasacreativa.com\/wp-content\/uploads\/2025\/08\/la_forma_del_cambio_6-226x300.jpg 226w, https:\/\/portafoliocasacreativa.com\/wp-content\/uploads\/2025\/08\/la_forma_del_cambio_6-768x1021.jpg 768w, https:\/\/portafoliocasacreativa.com\/wp-content\/uploads\/2025\/08\/la_forma_del_cambio_6-1156x1536.jpg 1156w, https:\/\/portafoliocasacreativa.com\/wp-content\/uploads\/2025\/08\/la_forma_del_cambio_6.jpg 1204w\" sizes=\"(max-width: 771px) 100vw, 771px\" \/><\/figure>\n\n\n\n<figure class=\"wp-block-image size-large\"><img loading=\"lazy\" decoding=\"async\" width=\"771\" height=\"1024\" data-id=\"116\" src=\"https:\/\/portafoliocasacreativa.com\/wp-content\/uploads\/2025\/08\/la_forma_del_cambio_5-771x1024.jpg\" alt=\"\" class=\"wp-image-116\" srcset=\"https:\/\/portafoliocasacreativa.com\/wp-content\/uploads\/2025\/08\/la_forma_del_cambio_5-771x1024.jpg 771w, https:\/\/portafoliocasacreativa.com\/wp-content\/uploads\/2025\/08\/la_forma_del_cambio_5-226x300.jpg 226w, https:\/\/portafoliocasacreativa.com\/wp-content\/uploads\/2025\/08\/la_forma_del_cambio_5-768x1021.jpg 768w, https:\/\/portafoliocasacreativa.com\/wp-content\/uploads\/2025\/08\/la_forma_del_cambio_5-1156x1536.jpg 1156w, https:\/\/portafoliocasacreativa.com\/wp-content\/uploads\/2025\/08\/la_forma_del_cambio_5.jpg 1204w\" sizes=\"(max-width: 771px) 100vw, 771px\" \/><\/figure>\n\n\n\n<figure class=\"wp-block-image size-large\"><img loading=\"lazy\" decoding=\"async\" width=\"771\" height=\"1024\" data-id=\"113\" src=\"https:\/\/portafoliocasacreativa.com\/wp-content\/uploads\/2025\/08\/la_forma_del_cambio_3-771x1024.jpg\" alt=\"\" class=\"wp-image-113\" srcset=\"https:\/\/portafoliocasacreativa.com\/wp-content\/uploads\/2025\/08\/la_forma_del_cambio_3-771x1024.jpg 771w, https:\/\/portafoliocasacreativa.com\/wp-content\/uploads\/2025\/08\/la_forma_del_cambio_3-226x300.jpg 226w, https:\/\/portafoliocasacreativa.com\/wp-content\/uploads\/2025\/08\/la_forma_del_cambio_3-768x1021.jpg 768w, https:\/\/portafoliocasacreativa.com\/wp-content\/uploads\/2025\/08\/la_forma_del_cambio_3-1156x1536.jpg 1156w, https:\/\/portafoliocasacreativa.com\/wp-content\/uploads\/2025\/08\/la_forma_del_cambio_3.jpg 1204w\" sizes=\"(max-width: 771px) 100vw, 771px\" \/><\/figure>\n\n\n\n<figure class=\"wp-block-image size-large\"><img loading=\"lazy\" decoding=\"async\" width=\"771\" height=\"1024\" data-id=\"114\" src=\"https:\/\/portafoliocasacreativa.com\/wp-content\/uploads\/2025\/08\/la_forma_del_cambio_4-771x1024.jpg\" alt=\"\" class=\"wp-image-114\" srcset=\"https:\/\/portafoliocasacreativa.com\/wp-content\/uploads\/2025\/08\/la_forma_del_cambio_4-771x1024.jpg 771w, https:\/\/portafoliocasacreativa.com\/wp-content\/uploads\/2025\/08\/la_forma_del_cambio_4-226x300.jpg 226w, https:\/\/portafoliocasacreativa.com\/wp-content\/uploads\/2025\/08\/la_forma_del_cambio_4-768x1021.jpg 768w, https:\/\/portafoliocasacreativa.com\/wp-content\/uploads\/2025\/08\/la_forma_del_cambio_4-1156x1536.jpg 1156w, https:\/\/portafoliocasacreativa.com\/wp-content\/uploads\/2025\/08\/la_forma_del_cambio_4.jpg 1204w\" sizes=\"(max-width: 771px) 100vw, 771px\" \/><\/figure>\n\n\n\n<figure class=\"wp-block-image size-large\"><img loading=\"lazy\" decoding=\"async\" width=\"771\" height=\"1024\" data-id=\"115\" src=\"https:\/\/portafoliocasacreativa.com\/wp-content\/uploads\/2025\/08\/la_forma_del_cambio_2-771x1024.jpg\" alt=\"\" class=\"wp-image-115\" srcset=\"https:\/\/portafoliocasacreativa.com\/wp-content\/uploads\/2025\/08\/la_forma_del_cambio_2-771x1024.jpg 771w, https:\/\/portafoliocasacreativa.com\/wp-content\/uploads\/2025\/08\/la_forma_del_cambio_2-226x300.jpg 226w, https:\/\/portafoliocasacreativa.com\/wp-content\/uploads\/2025\/08\/la_forma_del_cambio_2-768x1021.jpg 768w, https:\/\/portafoliocasacreativa.com\/wp-content\/uploads\/2025\/08\/la_forma_del_cambio_2-1156x1536.jpg 1156w, https:\/\/portafoliocasacreativa.com\/wp-content\/uploads\/2025\/08\/la_forma_del_cambio_2.jpg 1204w\" sizes=\"(max-width: 771px) 100vw, 771px\" \/><\/figure>\n\n\n\n<figure class=\"wp-block-image size-large\"><img loading=\"lazy\" decoding=\"async\" width=\"771\" height=\"1024\" data-id=\"118\" src=\"https:\/\/portafoliocasacreativa.com\/wp-content\/uploads\/2025\/08\/la_forma_del_cambio_8-771x1024.jpg\" alt=\"\" class=\"wp-image-118\" srcset=\"https:\/\/portafoliocasacreativa.com\/wp-content\/uploads\/2025\/08\/la_forma_del_cambio_8-771x1024.jpg 771w, https:\/\/portafoliocasacreativa.com\/wp-content\/uploads\/2025\/08\/la_forma_del_cambio_8-226x300.jpg 226w, https:\/\/portafoliocasacreativa.com\/wp-content\/uploads\/2025\/08\/la_forma_del_cambio_8-768x1021.jpg 768w, https:\/\/portafoliocasacreativa.com\/wp-content\/uploads\/2025\/08\/la_forma_del_cambio_8-1156x1536.jpg 1156w, https:\/\/portafoliocasacreativa.com\/wp-content\/uploads\/2025\/08\/la_forma_del_cambio_8.jpg 1204w\" sizes=\"(max-width: 771px) 100vw, 771px\" \/><\/figure>\n\n\n\n<figure class=\"wp-block-image size-large\"><img loading=\"lazy\" decoding=\"async\" width=\"1024\" height=\"683\" data-id=\"119\" src=\"https:\/\/portafoliocasacreativa.com\/wp-content\/uploads\/2025\/08\/la_forma_del_cambio_9-1024x683.jpg\" alt=\"\" class=\"wp-image-119\" srcset=\"https:\/\/portafoliocasacreativa.com\/wp-content\/uploads\/2025\/08\/la_forma_del_cambio_9-1024x683.jpg 1024w, https:\/\/portafoliocasacreativa.com\/wp-content\/uploads\/2025\/08\/la_forma_del_cambio_9-300x200.jpg 300w, https:\/\/portafoliocasacreativa.com\/wp-content\/uploads\/2025\/08\/la_forma_del_cambio_9-768x512.jpg 768w, https:\/\/portafoliocasacreativa.com\/wp-content\/uploads\/2025\/08\/la_forma_del_cambio_9-1536x1024.jpg 1536w, https:\/\/portafoliocasacreativa.com\/wp-content\/uploads\/2025\/08\/la_forma_del_cambio_9.jpg 1620w\" sizes=\"(max-width: 1024px) 100vw, 1024px\" \/><\/figure>\n\n\n\n<figure class=\"wp-block-image size-large\"><img loading=\"lazy\" decoding=\"async\" width=\"1024\" height=\"683\" data-id=\"123\" src=\"https:\/\/portafoliocasacreativa.com\/wp-content\/uploads\/2025\/08\/la_forma_del_cambio_11-1024x683.jpg\" alt=\"\" class=\"wp-image-123\" srcset=\"https:\/\/portafoliocasacreativa.com\/wp-content\/uploads\/2025\/08\/la_forma_del_cambio_11-1024x683.jpg 1024w, https:\/\/portafoliocasacreativa.com\/wp-content\/uploads\/2025\/08\/la_forma_del_cambio_11-300x200.jpg 300w, https:\/\/portafoliocasacreativa.com\/wp-content\/uploads\/2025\/08\/la_forma_del_cambio_11-768x512.jpg 768w, https:\/\/portafoliocasacreativa.com\/wp-content\/uploads\/2025\/08\/la_forma_del_cambio_11-1536x1024.jpg 1536w, https:\/\/portafoliocasacreativa.com\/wp-content\/uploads\/2025\/08\/la_forma_del_cambio_11.jpg 1620w\" sizes=\"(max-width: 1024px) 100vw, 1024px\" \/><\/figure>\n<\/figure>\n\n\n\n<div class=\"wp-block-stackable-image stk-block-image stk-block stk-775402a\" data-block-id=\"775402a\"><style>.stk-775402a {margin-bottom:0px !important;}.stk-775402a .stk-img-wrapper{width:80px !important;}<\/style><figure><span class=\"stk-img-wrapper stk-image--shape-stretch\"><img loading=\"lazy\" decoding=\"async\" class=\"stk-img wp-image-68\" src=\"https:\/\/portafoliocasacreativa.com\/wp-content\/uploads\/2025\/07\/libelula-irene-zundel.png\" width=\"419\" height=\"419\" srcset=\"https:\/\/portafoliocasacreativa.com\/wp-content\/uploads\/2025\/07\/libelula-irene-zundel.png 419w, https:\/\/portafoliocasacreativa.com\/wp-content\/uploads\/2025\/07\/libelula-irene-zundel-300x300.png 300w, https:\/\/portafoliocasacreativa.com\/wp-content\/uploads\/2025\/07\/libelula-irene-zundel-150x150.png 150w\" sizes=\"(max-width: 419px) 100vw, 419px\" \/><\/span><\/figure><\/div>\n\n\n\n<p><\/p>\n","protected":false},"excerpt":{"rendered":"<p>Esta exposici\u00f3n est\u00e1 compuesta por 19 piezas bi y tridimensionales, en las que la artista juega con las estructuras de lo permanente y lo ef\u00edmero, creando con maestr\u00eda composiciones abstractas geom\u00e9tricas que construyen, pliegan y revelan mundos internos de poderoso fulgor crom\u00e1tico, ritmo cadencioso y reflejos lum\u00ednicos. Zundel utiliza el color, la geometr\u00eda y la [&hellip;]<\/p>\n","protected":false},"author":1,"featured_media":0,"parent":0,"menu_order":0,"comment_status":"closed","ping_status":"closed","template":"","meta":{"footnotes":""},"class_list":["post-111","page","type-page","status-publish","hentry"],"blocksy_meta":[],"_links":{"self":[{"href":"https:\/\/portafoliocasacreativa.com\/index.php\/wp-json\/wp\/v2\/pages\/111","targetHints":{"allow":["GET"]}}],"collection":[{"href":"https:\/\/portafoliocasacreativa.com\/index.php\/wp-json\/wp\/v2\/pages"}],"about":[{"href":"https:\/\/portafoliocasacreativa.com\/index.php\/wp-json\/wp\/v2\/types\/page"}],"author":[{"embeddable":true,"href":"https:\/\/portafoliocasacreativa.com\/index.php\/wp-json\/wp\/v2\/users\/1"}],"replies":[{"embeddable":true,"href":"https:\/\/portafoliocasacreativa.com\/index.php\/wp-json\/wp\/v2\/comments?post=111"}],"version-history":[{"count":12,"href":"https:\/\/portafoliocasacreativa.com\/index.php\/wp-json\/wp\/v2\/pages\/111\/revisions"}],"predecessor-version":[{"id":149,"href":"https:\/\/portafoliocasacreativa.com\/index.php\/wp-json\/wp\/v2\/pages\/111\/revisions\/149"}],"wp:attachment":[{"href":"https:\/\/portafoliocasacreativa.com\/index.php\/wp-json\/wp\/v2\/media?parent=111"}],"curies":[{"name":"wp","href":"https:\/\/api.w.org\/{rel}","templated":true}]}}